. Let k be 2/u + 0 - -56. Suppose 2*c + 18 = 3*z + 3*c, 5*c = z - 6. What is the highest common divisor of z and k?
6
Let z(n) = n**3 + 5*n**2 + 4*n + 4. Let t be z(-4). What is the highest common divisor of 36 and t?
4
Suppose 6*n - 2*n = -8, 2*n = 4*s + 16. Let p = s - -7. Suppose -p = -2*f, -2*m - m = -5*f - 34. What is the highest common divisor of m and 26?
13
Let m be (-334)/(-6) + 6/18. What is the greatest common factor of m and 8?
8
Let r be 5 - (-2 + 2 - -1). Suppose -5*g - r = -2*l + 7, 3*g = 4*l - 29. What is the highest common factor of 56 and l?
8
Let w(m) = m**2 + 3*m + 1. Let o be w(-9). Calculate the greatest common factor of o and 11.
11
Let v(s) = s**3 + 10*s**2 + 9*s - 9. Let c be v(-9). Let i(d) = -d**3 - 9*d**2 - 2*d - 9. Let y be i(c). What is the highest common factor of 81 and y?
9
Suppose 0 = -2*n - 4*w + 54, n = 4*n + 5*w - 78. What is the greatest common factor of n and 7?
7
Let r(g) = -g**3 - 12*g**2 - 14*g - 18. Let o be r(-11). What is the greatest common factor of o and 15?
15
Let r(t) = -t**3 + 4*t**2 + t - 3. Let k be r(4). Suppose 0 = -n - 2*p + 15, -1 = -2*p + k. Calculate the highest common divisor of n and 104.
13
Suppose 2*d + 0*d - 198 = 0. Suppose -y + 2*y - d = 0. What is the greatest common divisor of y and 11?
11
Suppose -3*x = -0*x. Suppose x = f - 21 - 3. Suppose 20 = 5*d + 4*p, 16 = -2*d + 6*d + 5*p. Calculate the highest common factor of d and f.
4
Let g be 34 - 29 - 1*-6. Let w be 1 + 0 + 65 + 0. What is the greatest common factor of w and g?
11
Let o(j) = -j**3 - 10*j**2 - j. Let x be o(-10). What is the greatest common factor of x and 5?
5
Let r be (-9)/(-3) - (-1 - -380). Let n = -223 - r. Suppose 0 = -z - 3*f + 5*f + 7, 3*z = -3*f + 66. Calculate the highest common factor of n and z.
17
Let i be ((-6)/(-1))/((-2)/(-12)). What is the greatest common divisor of i and 24?
12
Let h = -3 - -1. Let x = h - -2. Suppose x = -5*r + 50 - 0. What is the greatest common factor of r and 10?
10
Let t(h) = 3*h - 2 - 2*h**3 - 4*h**2 + 2*h - 8*h. Let f be t(-2). Suppose f*a - 63 = -3. Calculate the greatest common divisor of a and 3.
3
Suppose -4*y = -4, k + 1 = -5*y - 18. Let g be ((-1)/3)/(4/k). Suppose g*f + 2*f = 80. What is the greatest common factor of 4 and f?
4
Suppose 28 = -17*x + 19*x. Calculate the greatest common divisor of x and 28.
14
Suppose -j = 5*v - 90, 5*j - 3*v + v - 531 = 0. Calculate the highest common factor of j and 42.
21
Let u = 0 + -2. Let c be u/7 + 93/7. Calculate the highest common divisor of 52 and c.
13
Let l be 70/9 - ((-152)/36 - -4). Calculate the highest common divisor of l and 1.
1
Let f = 196 - 91. Calculate the greatest common divisor of 21 and f.
21
Suppose -12*v + 16*v - 48 = 0. What is the highest common divisor of v and 36?
12
Let q = -615 + 885. Suppose 0 = 3*g - 3*t + 132, -5*g - q = 6*t - t. Let h = 113 + g. Calculate the highest common factor of 8 and h.
8
Let x(k) be the second derivative of -k**5/20 - k**4/4 + k**3 - 3*k**2 + 2*k. Let o be x(-5). What is the greatest common factor of 2 and o?
2
Let l = 10 + 10. Calculate the highest common divisor of 10 and l.
10
Let r(y) = -y**2 - 7*y - 11. Let c be r(-6). Let f = c - -15. Calculate the greatest common factor of f and 10.
10
Let s be 17/(-102) + (-2)/((-24)/2774). Calculate the greatest common factor of 21 and s.
21
Let m = 8 + 0. Suppose -33 = -3*o - 3*g, 5*g = -2*o - 1 + 8. What is the highest common factor of m and o?
8
Let s be (4/10)/((-2)/(-60)). Let y(k) = k**2. Let i = 10 + -12. Let z be y(i). What is the greatest common factor of s and z?
4
Let c be 4 + -2 - 4 - -14. Let x = 6 + 14. Let i = 104 - x. Calculate the greatest common factor of c and i.
12
Suppose -b - 16 = -5*b. Suppose -2*p + 330 = b*p. Calculate the greatest common factor of 11 and p.
11
Let k(m) = -m**3 - 18. Let w be k(0). Let z = -12 - w. What is the greatest common divisor of z and 30?
6
Suppose y - 3*r - 99 = 73, -y - 5*r = -180. Let z = -6 - -31. Calculate the greatest common divisor of y and z.
25
Let x(o) = -41*o**3 - 5*o + 8. Let g(w) = -14*w**3 - 2*w + 3. Let k(s) = 8*g(s) - 3*x(s). Let d be k(1). What is the greatest common divisor of 110 and d?
10
Suppose -6*m = -103 + 19. Calculate the greatest common divisor of 42 and m.
14
Let l = 27 - 25. Calculate the highest common divisor of 8 and l.
2
Suppose -6*y + 2*y + 341 = 5*v, v = -3*y + 66. Calculate the highest common divisor of v and 46.
23
Let h = 0 + -15. Let l = h - -47. Calculate the greatest common factor of 288 and l.
32
Let f = -18 - -7. Let u = f + 17. Suppose -2*l + 22 = 5*q, -10 = -4*q - 2. What is the highest common factor of u and l?
6
Let p = -6 + 42. Let n = p - 26. Let d(b) = b**3 + 8*b**2 + 6*b + 8. Let y be d(-7). Calculate the highest common divisor of n and y.
5
Suppose 209 = -5*i + 4*j, -16 = 2*i + 2*j + 82. Let o = i + 63. Suppose 3*u - 72 = -3*d, 2*u = -5*d + 3*u + 138. What is the greatest common factor of d and o?
9
Let s be (2 + -1)*(2 - 85). Let o = -41 - s. Calculate the greatest common factor of o and 6.
6
Let s = -27 + 47. Suppose 4 = -3*n + 10. Suppose -3*t + y = -149, 4*t + n*y + 3 = 205. Calculate the greatest common divisor of s and t.
10
Let i(l) = 31*l**2 + l - 2. Let d be i(1). What is the highest common factor of d and 3?
3
Suppose z + 4*z = -5*h, -5*h = -5*z - 30. Let j = z - -18. What is the highest common divisor of j and 3?
3
Let t(y) = y**2 + 4*y - 2. Let z be t(-5). Let m(u) = 17*u + 3. Let n be m(z). What is the greatest common factor of n and 6?
6
Let w(f) = 7*f**2 + 6*f - 4. Let o be w(2). What is the greatest common factor of o and 90?
18
Let f = 58 - 37. Calculate the highest common factor of 3 and f.
3
Let s(x) = -21*x - 51. Let o be s(-3). Calculate the highest common divisor of o and 24.
12
Suppose -2*r + 29 + 1 = -4*j, 0 = -5*r - 3*j + 114. Calculate the highest common divisor of 189 and r.
21
Suppose 3 - 113 = -2*u. What is the highest common factor of u and 11?
11
Let n be 60/(-9)*42/(-4). Suppose -5*c + 0 = -20. Suppose 0 = -c*j + 3*o - 2*o + 115, -2*j - o + 53 = 0. What is the greatest common factor of j and n?
14
Let v be (-78)/2*17/(-51). What is the highest common factor of v and 26?
13
Let w(m) = m**2 + m + 2. Let b be w(0). Let p = 3 - b. What is the highest common factor of 8 and p?
1
Let z = -46 + 52. What is the highest common divisor of z and 30?
6
Let r be 171/15 - 4/10. Let u = -35 + 134. Calculate the highest common factor of u and r.
11
Suppose a = -2*x - 10 + 40, x + 97 = 3*a. What is the highest common factor of a and 4?
4
Let a(z) = -z**2 - 8*z - 2. Let b be a(-7). Let s = 1 + b. Let d(f) = -f**3 + 5*f**2 + 9*f - 7. Let l be d(s). Calculate the highest common factor of l and 55.
11
Suppose 5*b - 59 = 526. Suppose 0 = w + 4*w - 3*i - 80, 4*i + 33 = w. Calculate the greatest common factor of w and b.
13
Let f = -21 - -54. What is the highest common divisor of f and 22?
11
Let c = 264 + -136. Let j be 64/(-6)*(-6)/4. What is the highest common factor of c and j?
16
Let o = -17 - -37. Let x(l) be the first derivative of l**2/2 + 9*l - 2. Let n be x(-4). Calculate the highest common factor of n and o.
5
Let p(o) be the first derivative of -6*o**2 - 5*o + 3. Let b be p(10). Let h be (-2)/(-4) - b/10. Calculate the greatest common factor of 143 and h.
13
Suppose 4 = -4*h - 4*n, 10 = 5*h + n - 1. Let c = h - -1. What is the greatest common divisor of c and 6?
2
Let g be (-1)/(-6) + (-517)/(-66). Let h(q) = q**3 - 8*q**2 + 10*q - 5. Let z be h(g). What is the highest common divisor of z and 15?
15
Let g = 24 - 17. Calculate the highest common factor of g and 7.
7
Let x be 2/(-4)*1*-4. Suppose -x*y = -4*y. Let i be 2/(y - 2/(-12)). Calculate the greatest common divisor of 30 and i.
6
Suppose 3*s - 5*g = -2 - 7, 4*s + 12 = 3*g. Let p = s + 5. Calculate the greatest common divisor of 14 and p.
2
Let p(l) = -l**2 + 3*l + 2. Let h be p(3). Let m be 9/2*h/1. Calculate the greatest common divisor of m and 27.
9
Let d(m) = -m**2 - 14*m - 10. Let g be d(-10). Calculate the highest common divisor of g and 210.
30
Let p = -24 - -34. What is the highest common factor of 2 and p?
2
Let m = 116 + -56. Suppose -4*v = -304 - m. What is the greatest common factor of v and 13?
13
Suppose -4*v - 4*h + 462 - 54 = 0, 3*v + h = 3